et l(a) = -1 + 118*a**2 - 3*a**3 + 4 - i*a**2 + 4*a. Calculate l(-2).
15
Let y be 30/3 + (-5 - 0). Suppose y*i - 5*q - 28 = 4*i, 0 = 3*i - 4*q - 29. Let k(t) = 7*t + 0 + i + 2 - 9*t. Give k(6).
-7
Let f(w) = 17*w - 170. Suppose -63*c = -6*c - 684. Determine f(c).
34
Let x(t) be the second derivative of t**4/12 - 2*t**3 + 5*t**2 - t - 6. Suppose -4*q + k = -29, q + 3*k - 3 = 14. Determine x(q).
-22
Let x(r) = 77*r + 5854. Let f be x(-76). Let t(a) = 20*a + 5. Let b(g) = -7*g - 2. Let m(y) = 8*b(y) + 3*t(y). Determine m(f).
7
Let r(x) be the first derivative of -1/3*x**3 - 1/2*x**2 - 2*x - 17. Let q be 8/5 + 2/5. Determine r(q).
-8
Let z = 15199 - 15194. Let o = -6 - -10. Let w(p) = 4*p**2 + o*p**3 - 4*p + 8*p - 5*p**3 - 2. Give w(z).
-7
Let n(f) = 235*f - 79*f - 91*f - 70*f + f**2 - 16. Determine n(-4).
20
Let t(w) = -22 - 7*w + w**2 + 21 - 6*w + w. Let q(j) = j**2 + 7*j + 5. Let r be q(-8). Determine t(r).
12
Suppose -3*y = 3*m + 30, -77*m + 72*m = -y + 44. Let a(l) = -5*l + 7 + 5*l + l + 1. What is a(m)?
-1
Let d(m) = -m**3 + 10*m**2 - 8*m - 11. Suppose 0 = -3*q + 3*f + 12, 5*f - 10 = 2*q - 3*q. Let l be (-1)/(1*q/(-20)). Suppose l*t - 90 = -6*t. Calculate d(t).
-2
Let n(x) = x + 6. Suppose 2*y - 404 = 2*o, 0*o - 801 = 4*o + 3*y. Let c = 195 + o. What is n(c)?
0
Suppose -4*q = 2*p, 34 = -5*p + 5*q + 4. Suppose -5*t + 2*g + 13 = 0, 4*g = -18 + 2. Let i(h) = 0*h**2 + t - h**2 + 2*h**2 + 2*h. Give i(p).
9
Suppose 2*z + 4*u + 214 - 220 = 0, 3*z + 5*u - 8 = 0. Let o(v) be the second derivative of 0 - 1/12*v**4 - 1/2*v**2 + 1/3*v**3 - 2*v. Give o(z).
0
Suppose 0*f - 2*f + 5*o + 5 = 0, 3*f + 3 = -3*o. Let y = 470 - 468. Let g(x) = -5*x - 22*x - 2 + y*x + 24*x. Calculate g(f).
-2
Let j(r) = -r**3 - 17*r**2 - 52*r - 321. Let t be j(-15). Let f(g) = 4 - 4 + g - 5. What is f(t)?
4
Let i(c) = 5*c**3 + 36*c**2 - 51*c + 50. Let j(u) = u**3 + 9*u**2 - 13*u + 12. Let a(m) = 2*i(m) - 9*j(m). Determine a(7).
-1
Let b(l) = -10*l + 1. Let r be 30/40*(1 + 3). Let v be 1 + -3 + 1 + 3. Suppose 5*j = r*j + v. Determine b(j).
-9
Suppose -30*w + 32*w + 4*t = -18, -2*t = -4*w + 4. Let v(b) = -44*b - 16. Give v(w).
28
Let y(m) = 3*m - 1. Let n(f) = 16*f - 10. Let a(p) = -n(p) + 2*y(p). Calculate a(2).
-12
Suppose 81 = 21*s - 87. Let u(h) be the third derivative of -h**4/12 + 5*h**3/6 + 67*h**2. Calculate u(s).
-11
Let z(u) = -u**3 - 9*u**2 + 11*u - 7. Let w(l) = -2*l**3 + 6*l**2 - 3*l + 34. Let b be w(4). Determine z(b).
-17
Let s(d) = 5*d + 76. Let n = -1397 + 1382. Calculate s(n).
1
Let c = -5455 + 5457. Let w(d) = -2*d**2 + 5. Give w(c).
-3
Let m(i) = -3 - 2*i**2 - 11*i**3 - 48*i**3 - 6*i + 60*i**3 + 0 + 5*i**2. Let b = 7 - 4. Let r be (-3)/b*2 + -2. Determine m(r).
5
Let m(u) be the second derivative of -u**3/3 - 4*u**2 + 8*u. Let p be m(-5). Let n(j) = -3*j + 2*j**2 - 3 - j**p - 2*j**2 + j**3. Calculate n(3).
6
Let u(a) be the third derivative of 0*a - 1/120*a**6 + 7/24*a**4 - 16*a**2 + a**3 + 0 - 1/12*a**5. Let v(l) = -l**2 + 7*l + 2. Let b be v(8). Calculate u(b).
0
Suppose -f - 23 = -4*u, -2*f - 51 = -2*u - 23. Let x(j) = j**3 + 8*j**2 - 32*j + 17. Give x(f).
6
Let n = -255 + 257. Let l(i) = -105 + 56 - i**3 - i + 63 - 10*i**n. What is l(-10)?
24
Let c be 6/(-6) - -1*6. Suppose c*j = 2 + 18, 4*j = 4*z - 24. Let u = -7 + z. Let q(t) = 3*t - 4. Give q(u).
5
Let h(s) be the second derivative of -4*s**3/3 - 42*s**2 + 2167*s. Determine h(-11).
4
Let p(t) = 14*t**2 - 100*t + 20. Let f be p(7). Let z(v) = 10*v - 64. Give z(f).
-4
Suppose 8*a + 4 = 4. Suppose -18*p + 91 + 17 = a. Suppose -5*y - 4*l = -11, 3*l = 4*y + p*l - 9. Let f(b) = -b + 2. Give f(y).
-1
Let o(s) = 7 - 67*s**2 - 8*s + 6*s - 2*s**3 + 3*s**3 + 44*s**2 + 44. What is o(23)?
5
Let o(q) = 13*q + 62. Let d = 1468 + -1473. Calculate o(d).
-3
Let z(h) = -606*h**2 + 1206*h**2 + 8*h - 2 - 595*h**2. Calculate z(4).
110
Suppose 28 = -4*r - 4*g, 5 = -4*r + 4*g + 1. Let x(w) be the second derivative of -1/12*w**4 + 3/2*w**2 - 1/2*w**3 - 43 + w. Calculate x(r).
-1
Let b(a) = 55*a**2 - 4115*a + 8236*a - 56*a**2 + 2 - 4120*a. Suppose 5*m + 35 = 5*l, -l = -m + 2*m + 1. What is b(l)?
-4
Let s(n) = n**3 - 20*n**2 - 19*n - 42. Let d(u) = -10*u**3 + 181*u**2 + 171*u + 385. Let k(y) = 2*d(y) + 19*s(y). Calculate k(-17).
6
Let r(x) = x**2 - 3*x - 4. Let k be r(5). Let s(d) = 15416 - 7709 - 7707 - d + 0*d. Calculate s(k).
-6
Let x(k) = -3*k**2 + 9*k. Let o be (-16)/(-20)*105/(-6). Let l be (-174)/(-54) - o/(-63). Calculate x(l).
0
Suppose -16*k - 2*s = -14*k - 10, 0 = 4*s - 12. Let w(q) = -10*q + 17. Calculate w(k).
-3
Let m(r) be the first derivative of r**3/3 - 7*r**2 - 15*r + 1090. Determine m(18).
57
Let u(s) = s**3 + 41*s**2 + s + 43. Let o be u(-41). Let t(h) = 0*h + h + h**3 + 3 + 0*h**2 - 2*h + h**o - 3*h. Determine t(-4).
-29
Suppose -9*b = 7094 + 376. Let y = b - -839. Let j(k) = k**3 - 8*k**2 - 9*k - 1. What is j(y)?
-1
Suppose 2 - 266 = -6*p. Let v(l) = 3 + 89*l - 47*l - p*l. Determine v(0).
3
Let c(d) = 11*d**2 - 32*d - 43. Let s(p) = 14*p**2 - 40*p - 42. Let q(m) = 5*c(m) - 4*s(m). What is q(0)?
-47
Let y(k) be the first derivative of -135 + 1/3*k**3 + 12*k - 4*k**2. Give y(6).
0
Let l = 32 - 26. Suppose l*v - 147 = 21. Suppose 5*i + 13 = v. Let n(f) = 4*f + 2. Give n(i).
14
Let f(i) be the second derivative of -i - 13/2*i**2 + 45 - 1/6*i**3. Calculate f(-8).
-5
Suppose 31*b + 1000 = -6*b - 13*b. Let j(v) = -v - 33. Give j(b).
-13
Let i(d) = 8*d**2 - 4*d**2 + 0*d**2 - 1 - 3*d**2 - 3. Let f be i(-1). Let k(r) = 2*r**2 + 2*r - 2. What is k(f)?
10
Let o(q) = 4*q + 9. Let b be o(0). Suppose -b = -2*j - 7. Let s(m) be the third derivative of -m**5/60 + m**3/6 - 4*m**2. Give s(j).
0
Let l = -4105 - -4114. Let r(h) = -5*h + 20. Give r(l).
-25
Suppose 0 = 4*t - 5*o - 83, -t = 3*o - 4 - 21. Suppose 5*f = -4*y - 46, -4*f + 5*f = -4*y - t. Let c(z) be the second derivative of z**3/3 + z. What is c(f)?
-12
Let p(x) = -2*x + 27. Let z be p(11). Suppose 5*b = -3*a + 38 - 14, a = b. Let f(u) = -7*u - a*u + z*u. Give f(-2).
10
Let q(s) = -4*s**2 + 5*s - 5. Let w(u) = -5*u**2 + 4*u - 6. Let m(c) = 6*q(c) - 5*w(c). Suppose -2*x = 11 + 5. Let d be (10/(-8))/((3/x)/(-3)). Give m(d).
0
Let l(s) = -5*s + 3. Let y be (-141)/94 + 62/4. Suppose 0 = 2*t - 2, -t = -4*v - v + y. Calculate l(v).
-12
Let b(d) = -d**3 - d**2 - d + 3. Suppose 14*o - 15*o - 16*o + 34 = 0. What is b(o)?
-11
Let u be -8 + 288/30 + 3/(-5). Let k(f) = 26*f - 24. Calculate k(u).
2
Let a(w) = -w**2 + 5*w + 86. Suppose -2*h = -l + 47 - 31, -3*h = -2*l + 30. Determine a(l).
2
Let t(k) be the second derivative of k**6/360 - k**5/120 + k**4/4 - 25*k**3/2 + 64*k. Let c(w) be the second derivative of t(w). Give c(0).
6
Let c be (96/56)/((-9)/(-42)). Suppose -4*n + 3*v = 21, c*n - v + 18 = 3*n. Let b(d) = d**2 + 4*d - 3. Determine b(n).
-6
Let s(b) = -b**3 + 24*b**2 + 26*b + 40. Let z = 11830 + -11805. Determine s(z).
65
Let a be ((-2)/(-4))/((-4)/(-72)). Let r(x) = a*x + 21*x - 25*x - 1. Suppose 5*o = h - 0*h - 14, 5*h - 4*o - 7 = 0. What is r(h)?
-6
Suppose -147*y - 3790 = 232*y. Let u(n) = -2*n**3 - 20*n**2 + 9. What is u(y)?
9
Let r(b) be the second derivative of -b**3/6 + b**2/2 + 6*b. Let g(i) = -3*i + 30. Let c be g(9). Suppose 3*v - 4*s = 22, v - c*s - 10 = 2*v. Calculate r(v).
-1
Let t(x) be the third derivative of 7*x**4/12 - 55*x**3/3 + 69*x**2 - 21*x. Determine t(8).
2
Let p(h) = h**3 + 2*h + 0*h**3 - 2 - 4*h**2 - 1. Suppose 156 = -1072*q + 1124*q. Determine p(q).
-6
Let a(f) be the first derivative of -f**3/3 + 5*f**2/2 + f - 349. Let d = -20 + 26. Suppose -2*j + 28 = 2*j + 2*t, -2*j + 4*t - d = 0. Calculate a(j).
1
Let o(l) be the third derivative of -l**8/20160 - l**7/720 - 7*l**6/720 - l**5/15 + l**2 + 2*l. Let k(a) be the third derivative of o(a). What is k(-5)?
3
Suppose -5*y - 2*q = 89, 5*y + 2050*q - 2045*q + 65 = 0. Let o(w) = -w**3 - 8*w**2 + 275*w + 40. Determine o(y).
-2
Let j(u) = u**2 + 15*u - 17. Let k(x) = 10*x**2 + 75*x + 23. Let m be k(-7). What is j(m)?
-53
Suppose 0 = -3*d - d. Suppose d = -24*i + 27*i - 6. Let k(y) = 9 + y**3 - 21 - 7*y**i - 8*y - y**2. Determine k(9).
-3
Let j be 4 + 7/(14/(-4)). Let a(u) = 9*u + 6*u**3 - 3*u**3 - j + 7*u**2 - 4*u**3 + 4. Suppose 3*m + 36 = -18*r + 21*r, 2*r + 2*m = 8. Determine a(r).
10
Let j = -121 